it of 13516?
1
What is the units digit of 3432?
2
What is the thousands digit of 1439?
1
What is the tens digit of 7804?
0
What is the units digit of 24999?
9
What is the thousands digit of 13495?
3
What is the thousands digit of 2429?
2
What is the tens digit of 3238?
3
What is the tens digit of 1419?
1
What is the hundreds digit of 2766?
7
What is the tens digit of 5199?
9
What is the tens digit of 31437?
3
What is the hundreds digit of 1150?
1
What is the units digit of 207?
7
What is the units digit of 19736?
6
What is the thousands digit of 3161?
3
What is the tens digit of 14011?
1
What is the units digit of 28834?
4
What is the hundreds digit of 60195?
1
What is the units digit of 37447?
7
What is the tens digit of 868?
6
What is the tens digit of 3746?
4
What is the hundreds digit of 4481?
4
What is the units digit of 2143?
3
What is the thousands digit of 1304?
1
What is the ten thousands digit of 89021?
8
What is the units digit of 6177?
7
What is the thousands digit of 15801?
5
What is the units digit of 2520?
0
What is the thousands digit of 5963?
5
What is the tens digit of 8328?
2
What is the hundreds digit of 3647?
6
What is the hundreds digit of 1008?
0
What is the units digit of 246?
6
What is the tens digit of 20954?
5
What is the tens digit of 68?
6
What is the thousands digit of 2958?
2
What is the tens digit of 87?
8
What is the units digit of 31278?
8
What is the units digit of 11960?
0
What is the ten thousands digit of 14816?
1
What is the hundreds digit of 725?
7
What is the tens digit of 12242?
4
What is the tens digit of 6178?
7
What is the ten thousands digit of 63677?
6
What is the tens digit of 41582?
8
What is the units digit of 5182?
2
What is the thousands digit of 1465?
1
What is the units digit of 2780?
0
What is the units digit of 16093?
3
What is the tens digit of 4440?
4
What is the tens digit of 200?
0
What is the units digit of 7112?
2
What is the hundreds digit of 83172?
1
What is the thousands digit of 7436?
7
What is the tens digit of 161?
6
What is the units digit of 1302?
2
What is the ten thousands digit of 130359?
3
What is the hundreds digit of 88688?
6
What is the units digit of 9585?
5
What is the units digit of 147637?
7
What is the units digit of 93197?
7
What is the hundreds digit of 300?
3
What is the ten thousands digit of 33644?
3
What is the units digit of 2811?
1
What is the hundred thousands digit of 122921?
1
What is the tens digit of 4796?
9
What is the thousands digit of 1599?
1
What is the thousands digit of 5388?
5
What is the tens digit of 88657?
5
What is the units digit of 53288?
8
What is the hundreds digit of 170?
1
What is the tens digit of 374?
7
What is the tens digit of 5020?
2
What is the hundreds digit of 23734?
7
What is the tens digit of 406?
0
What is the tens digit of 51397?
9
What is the thousands digit of 16504?
6
What is the hundreds digit of 79141?
1
What is the hundreds digit of 2083?
0
What is the hundreds digit of 143538?
5
What is the hundreds digit of 3040?
0
What is the hundreds digit of 38509?
5
What is the units digit of 11548?
8
What is the units digit of 1031?
1
What is the thousands digit of 1823?
1
What is the tens digit of 1220?
2
What is the hundreds digit of 9097?
0
What is the hundreds digit of 1643?
6
What is the hundreds digit of 1112?
1
What is the units digit of 15742?
2
What is the tens digit of 383?
8
What is the thousands digit of 32093?
2
What is the hundreds digit of 45269?
2
What is the hundreds digit of 523?
5
What is the units digit of 39102?
2
What is the hundreds digit of 8226?
2
What is the units digit of 1347?
7
What is the units digit of 544?
4
What is the tens digit of 7214?
1
What is the hundreds digit of 500?
5
What is the tens digit of 7156?
5
What is the ten thousands digit of 11141?
1
What is the tens digit of 1237?
3
What is the hundreds digit of 4345?
3
What is the thousands digit of 10303?
0
What is the tens digit of 40316?
1
What is the ten thousands digit of 26164?
2
What is the thousands digit of 10892?
0
What is the units digit of 31?
1
What is the hundreds digit of 1602?
6
What is the hundreds digit of 1447?
4
What is the hundreds digit of 67586?
5
What is the hundreds digit of 20252?
2
What is the thousands digit of 1070?
1
What is the units digit of 152?
2
What is the units digit of 110869?
9
What is the tens digit of 2019?
1
What is the units digit of 3082?
2
What is the hundreds digit of 796?
7
What is the units digit of 6511?
1
What is the hundreds digit of 4799?
7
What is the units digit of 17269?
9
What is the units digit of 331?
1
What is the tens digit of 83?
8
What is the tens digit of 585?
8
What is the thousands digit of 8839?
8
What is the ten thousands digit of 15146?
1
What is the units digit of 558?
8
What is the thousands digit of 34664?
4
What is the tens digit of 1272?
7
What is the tens digit of 2134?
3
What is the thousands digit of 3817?
3
What is the units digit of 65457?
7
What is the tens digit of 189?
8
What is the tens digit of 2942?
4
What is the units digit of 1606?
6
What is the thousands digit of 2504?
2
What is the thousands digit of 24643?
4
What is the tens digit of 4666?
6
What is the tens digit of 957?
5
What is the tens digit of 673?
7
What is the hundred thousands digit of 152257?
1
What is the thousands digit of 2695?
2
What is the units digit of 2898?
8
What is the units digit of 174?
4
What is the tens digit of 9584?
8
What is the units digit of 750?
0
What is the units digit of 1500?
0
What is the tens digit of 220?
2
What is the units digit of 8801?
1
What is the thousands digit of 13237?
3
What is the tens digit of 9756?
5
What is the units digit of 19484?
4
What is the hundreds digit of 7757?
7
What is the units digit of 1507?
7
What is the units digit of 59546?
6
What is the units digit of 450?
0
What is the hundreds digit of 60977?
9
What is the units digit of 15274?
4
What is the hundreds digit of 17406?
4
What is the thousands digit of 13709?
3
What is the hundreds digit of 4229?
2
What is the thousands digit of 28082?
8
What is the hundreds digit of 589?
5
What is the hundreds digit of 2682?
6
What is the thousands digit of 31214?
1
What is the hundreds digit of 993?
9
What is the hundreds digit of 1059?
0
What is the ten thousands digit of 98193?
9
What is the tens digit of 69878?
7
What is the tens digit of 1112?
1
What is the hundreds digit of 9640?
6
What is the tens digit of 5416?
1
What is the tens digit of 1390?
9
What is the units digit of 27453?
3
What is the ten thousands digit of 22867?
2
What is the hundreds digit of 2434?
4
What is the thousands digit of 2332?
2
What is the thousands digit of 1229?
1
What is the thousands digit of 77791?
7
What is the thousands digit of 1809?
1
What is the units digit of 7002?
2
What is the hundreds digit of 7650?
6
What is the thousands digit of 91791?
1
What is the hundreds digit of 165050?
0
What is the hundreds digit of 15997?
9
What is the units digit of 448?
8
What is the units digit of 6209?
9
What is the hundreds digit of 574?
5
What is the thousands digit of 7248?
7
What is the thousands digit of 18891?
8
What is the hundreds digit of 571?
5
What is the tens digit of 7870?
7
What is the tens digit of 2480?
8
What is the tens digit of 10056?
5
What is the units digit of 3473?
3
What is the thousands digit of 12834?
2
What is the units digit of 3234?
4
What is the units digit of 20?
0
What is the tens digit of 1680?
8
What is the tens digit of 8166?
6
What is the units digit of 1625?
5
What is the tens digit of 12457?
5
What is the hundreds digit of 1113?
1
What is the tens digit of 30293?
9
What is the hundreds digit of 2431?
4
What is the tens digit of 305?
0
What is the hundreds digit of 5070?
0
What is the units digit of 2977?
7
What is the hundreds digit of 4589?
5
What is the ten thousands digit of 12911?
1
What is the units digit of 21634?
4
What is the thousands digit of 5155?
5
What is the thousands digit of 2552?
2
What is the tens digit of 434?
3
What is the units digit of 77660?
0
What is the thousands digit of 1040?
1
What is the tens digit of 4574?
7
What is the units digit of 3405?
5
What is the tens digit of 18952?
5
What is the hundreds digit of 14675?
6
What is the tens digit of 214?
1
What 